uppose 10*m - 85 = 5*m. Let a(y) = 21 + m + y**2 + 5*y - 34. Determine a(-5).
4
Suppose -b - 5 = m, 4*m - 3*b + 11 = -2. Let r(t) = -t**3 - 6*t**2 - 5*t - 4. Determine r(m).
-16
Let i be ((-8)/60)/(54/(-135)). Let j(d) be the first derivative of 0*d + i*d**3 - 13 - d**2. Calculate j(4).
8
Let h be 3115/979 - (4/22 - 0). Let z(c) = c**2 - 5*c**3 - 2 + 4*c**3 + 10*c - 5*c. Calculate z(h).
-5
Let m(u) = u**2 + 4. Let j be m(0). Suppose -j*x + 27 - 7 = 0. Let w(l) = -4*l + 6. Determine w(x).
-14
Let d(l) = l**3 - 14*l**2 - 15*l + 6. Let v be d(15). Let u(f) = 0 + f**2 - v*f + 2 + 3*f. Calculate u(4).
6
Suppose 2*n - 49 = 15. Let y = -69 - -104. Let g be 15/y - n/(-7). Let u(v) = -v**2 + 8*v - 6. Calculate u(g).
9
Let x(h) = -2*h. Let p be x(3). Let m = -5 - p. Let i = -3 + m. Let c(d) = d**2 + 2*d + 3. Calculate c(i).
3
Suppose -4*g - 106 = -s, 8*s - 6*s = 4*g + 104. Suppose 0 = 4*y + 19 + 73. Let q = g - y. Let w(i) = 2*i**2 + 6*i + 2. What is w(q)?
10
Let p(c) = -c + 3. Suppose 52*u = 45*u - 63. Give p(u).
12
Let d(p) be the third derivative of -p**4/24 + p**3/3 + p**2. Suppose -s + 71 - 193 = 0. Let b = s - -118. Determine d(b).
6
Let u(q) = 2*q**2 - 12*q - 8. Let x be u(0). Let p(i) = i**2 + 10*i + 10. Give p(x).
-6
Let x(k) = -10 + 4*k + 35 - 6 - 18 - k. Give x(-2).
-5
Let z(r) = 3*r - 1. Let f(a) = 10*a**2 - 15*a + 10. Let q(m) = 9*m**2 - 14*m + 9. Let s(k) = 6*f(k) - 7*q(k). Let x be s(3). Let y be x/4*24/36. Give z(y).
-4
Let z(x) = -19927*x**2 - 7*x + 9955*x**2 + 9971*x**2 - 8. Let f = 11 + -6. Let a(d) = -d - 1. Let m be a(f). Determine z(m).
-2
Let l(i) be the third derivative of i**7/840 + 7*i**6/360 - i**5/15 + i**4/24 + 31*i**3/6 + 24*i**2. Let n(t) be the first derivative of l(t). Give n(-8).
1
Let j(l) be the second derivative of l**4/6 - 5*l**3/6 - 7*l**2 - 4*l - 88. Determine j(6).
28
Let n(d) = d**2 + 13*d - 36. Let t be n(6). Let y = t + -89. Let b(l) = -l**3 - 10*l**2 + 12*l + 6. Determine b(y).
-5
Let z be 4/(1*(5 + -6)). Let a(r) = -3*r - 5. Let p(m) = -3*m - 4. Let c(d) = 3*a(d) - 4*p(d). Calculate c(z).
-11
Let o(r) = 2*r + 4. Let a(f) = -2*f - 26. Let v be a(-15). Suppose -2*p = y - 6*p + 14, v*p = 8. Determine o(y).
-8
Let u be 12/(-4) - ((-4)/4 - 5). Let f(j) = 3*j**2 - 8*j + 4. Give f(u).
7
Let a(m) be the first derivative of m**5/20 - m**4/2 + m**3/2 + m**2 + 11*m + 12. Let g(p) be the first derivative of a(p). Calculate g(5).
-8
Let r(g) = 43 + 1 - 7 + 13 + 55*g. Let k(f) = -8*f - 7. Let j(b) = -20*k(b) - 3*r(b). Let v(z) = 4*z + 9. Let i(n) = 5*j(n) + 6*v(n). Calculate i(-3).
7
Let x(z) be the third derivative of z**4/12 - 5*z**3/2 - 752*z**2. What is x(14)?
13
Let p = -17 - -12. Let u be (-10)/p*-2 - -10. Let j(b) = -1 - u + b - 2*b. Calculate j(-6).
-1
Let j(k) = -k**3 - 9*k**2 - k - 7. Let v be j(-9). Let b(x) = -v*x + 19 - 11 - 7. Determine b(4).
-7
Suppose -3*l + 0 = 3. Let t(q) = -2*q + 35 - 16 - 18. Let k(w) = -42*w + 18. Let p(g) = k(g) - 18*t(g). Calculate p(l).
6
Let i(a) = -8*a + 11. Let y(m) = -m + 1. Let u(g) = i(g) - 6*y(g). Suppose -3*n + 4*k = -18, n + 4*k = 3*k - 1. Suppose -3*r + 25 = n*r. Determine u(r).
-5
Suppose y - 4*y = 0. Let m(r) = 2*r**3 - r - 10 - 4*r**3 + 11 + r**3. Give m(y).
1
Let d be 6 - (-2 - (-9 - -6)). Suppose -1 - 14 = -5*h. Let a(w) = 1 + 1 - h + w. Calculate a(d).
4
Let u(i) = -3*i**3 + 13*i**2 - 2*i + 4. Let x(t) = -t**3 + 4*t**2 + 1. Let p(b) = -3*u(b) + 8*x(b). What is p(6)?
-4
Suppose 5*g + 48 = -4*u, -g - 1 + 3 = -5*u. Let z(d) = 8*d + 1 + 2 - 77*d**2 + 78*d**2. Determine z(g).
3
Let q(g) = 0 + 3*g + 0*g + 1. Suppose -37 + 32 - 205 = -105*d. Calculate q(d).
7
Suppose -5*k + k = -164. Let y = k + -10. Suppose -4*h = -0*h + 2*f + 16, -y = 5*h - 3*f. Let l(w) = w**3 + 4*w**2 - 4*w. Give l(h).
-5
Let z(v) = -2*v + 35. Suppose -10 = 5*c, 0*i - 8 = -i - 3*c. Determine z(i).
7
Let f(m) = -1. Let i(s) = -6*s - 3*s + 3 + 4*s + 7*s. Let y(x) = x - 5. Let k be y(6). Let r(b) = k*i(b) - 2*f(b). Calculate r(-5).
-5
Suppose -y + 0*n + 15 = 2*n, y - 24 = -5*n. Suppose -5*m = -g + y, 5*g - g + 10 = -3*m. Let l(f) = -f**2 - 3*f + 1. Give l(m).
3
Let a(k) be the third derivative of k**6/120 - 3*k**5/20 + 3*k**4/8 + 11*k**3/6 + 337*k**2. Calculate a(8).
19
Let n(h) = -4*h - 11. Let s(f) = -f - 1. Let d(k) = n(k) - 5*s(k). Suppose -14 = -2*b + 4*o, -4*b + 14 = 4*o + 10. Determine d(b).
-3
Let b(z) = 72*z**3 + 10*z**2 - z + 3. Let m(g) = 24*g**3 + 3*g**2 + 1. Let a(n) = -2*b(n) + 7*m(n). Determine a(-1).
-24
Let h(l) be the first derivative of -1/4*l**4 + l**2 - 17 - 2*l + 0*l**3. Calculate h(2).
-6
Let x be (-5)/(210/(-217)) + 1/(-6). Let s(t) = -2*t**2 + 10*t + 3. What is s(x)?
3
Suppose -4*g + 27 = 5*i, 4*g - 3*i - 37 = 2*i. Let t(l) = l**2 + l - 18. Calculate t(g).
54
Let y(t) = -2*t - 1 + t + 4 + 6. Let k be y(-6). Let g(o) = -10 + o + k - 12. What is g(6)?
-1
Let w be -3*2/(-3)*1. Let m(h) = -2*h**3 - 3*h**2 + 1. Determine m(w).
-27
Let x(g) be the third derivative of -1/2*g**3 + 0*g + 0 - 1/8*g**4 - 1/60*g**5 + 2*g**2. Suppose 0*s = 2*s + 6. What is x(s)?
-3
Let s(q) = q**2 + 14*q + 10. Suppose -54 + 122 = -4*g - 4*t, 2*g + 22 = 2*t. What is s(g)?
10
Let l(f) = -3*f + 18. Let p be l(6). Suppose 3*k - a - 3 = p, -5*k = -4*a + 8*a - 5. Let o(c) = -9*c**3 - c**2 + 1. Calculate o(k).
-9
Let o(p) = p + 5. Suppose -18 = 14*k - 20*k. Suppose k*g - 10 = 2*v, -3*v - 4*g - 10 = -v. Determine o(v).
0
Suppose 4*q = 3*r - 7 - 13, -5*q = 25. Suppose -6*l - 37 + 13 = r. Let y(a) = -a**2 - 4*a + 4. Determine y(l).
4
Suppose l + 13 + 20 = 0. Let y = 37 + l. Let a(g) = g**2 - 3*g - 2. Calculate a(y).
2
Let s(m) = -m**2 + 19*m - 14. Let l(t) = -2*t**2 + 42*t - 28. Let r(g) = -3*l(g) + 7*s(g). Calculate r(4).
-2
Let i(r) = r - 6. Let l(x) = -x**2 + 48*x - 209. Let k be l(43). What is i(k)?
0
Let g = -11 + 13. Let o(d) = -3*d**2 - 21*d + 15. Let p(n) = n**2 + 10*n - 8. Let c(j) = g*o(j) + 5*p(j). Calculate c(7).
-3
Suppose -15 = -4*d + 3*b + 23, -4*d + 2*b + 36 = 0. Let x be 42/d + (-2)/8. Let r(n) be the first derivative of n**3/3 - n**2 - 6*n + 201. What is r(x)?
9
Let c(i) be the second derivative of -i**5/20 - i**4/2 - i**3/2 - i**2 - 2*i + 17. Calculate c(-5).
-12
Let h(n) = -6*n + 5. Let f be h(4). Let v be 0 - ((25 - 1) + -3). Let j = v - f. Let x(t) = 2*t + 3. Calculate x(j).
-1
Let s(b) be the third derivative of 0 + 0*b + 4*b**2 + 2/3*b**3 + 1/12*b**4. Let v be -7 + 52/8 + (-7)/2. Calculate s(v).
-4
Let n(o) be the third derivative of 0*o**5 - 3/40*o**6 + 0*o - 11*o**2 + 0 + 1/6*o**3 + 0*o**4. Calculate n(1).
-8
Let x(i) = -i**2 + 11 + 79*i + 82*i - 162*i. What is x(0)?
11
Let d(j) be the second derivative of -j**4/12 - 7*j**3/6 + 7*j**2 + 239*j. Determine d(-10).
-16
Let g(n) = 0*n - n - 2 + 0*n. Let u be g(-6). Let r(p) = -3*p**2 - 14*p + 2. Let q(h) = 2*h**2 + 12*h - 1. Let j(d) = 5*q(d) + 4*r(d). What is j(u)?
-13
Let t(j) = -3*j**2 + 11*j**3 - 3*j**2 + 19*j**3 - 31*j**3 + 11 + 2*j - 12. Calculate t(-6).
-13
Let q(j) be the first derivative of -2 + 3/2*j**2 + 4*j. Calculate q(-3).
-5
Let p(y) = y**3 + y. Let v(i) = -2*i + 4. Let z(d) = -d**2 - d - 1. Let b be z(0). Let w(n) = b*p(n) - v(n). What is w(0)?
-4
Let c(n) = n + 42. Let j be c(-36). Let b(l) = -l**2 - 6. What is b(j)?
-42
Let a(b) = 3*b - 6. Let s be a(7). Suppose 0 = f + 4*f - s. Let q(z) = -z**2 + 2*z + 13 + 14 + 18*z**f - 28. Determine q(1).
18
Let u(r) = 82*r**3 - 17*r**2 - 39*r**2 - 5*r - 14*r + 6 + 17*r**2 - 84*r**3. Give u(-19).
6
Let m be (0 - 1)*(18 + -3). Let u = 15 + m. Let q(n) = -1 + u*n - 5*n + n. What is q(-3)?
11
Let s(a) be the third derivative of a**4/24 + 11*a**3/6 + 121*a**2. What is s(-7)?
4
Suppose 5*f + 6 = -4*r, -11 = r - 4*r + 4*f. Let o(v) = -3 - v**2 + 49*v**3 - 48*v**3 + 0*v + 2*v + 2. Give o(r).
1
Let f(m) be the first derivative of -m**6/360 + 7*m**5/120 - m**4/6 - 2*m**3/3 + 2. Let r(c) be the third derivative of f(c). Suppose 2*o - 5 = 5. What is r(o)?
6
Let b(t) = -2*t**2 - 65*t + 181. Let g be b(-35). Let l(d) = -d**3 + 6*d**2 + 3. Determine l(g).
3
Let p be 1 + 2 + 18 + -19. Let o(v) = -2*v**2 - v. Calculate o(p).
-10
Let x(n) = -n**3 + 5*n**2 + 4*n - 13. Suppose 19*s - 4*u - 40 = 15*s, 15 = -s - 4*u. Calculate x(s).
7
Suppose 3*m + 38 - 8 = 2*r, -4*r = -5*m - 50. Let l(g) = -4*g - 14. What is 